{"id":41,"date":"2024-12-04T01:09:45","date_gmt":"2024-12-04T01:09:45","guid":{"rendered":"https:\/\/iesp-hectorvasquezjimenez.edu.pe\/portal\/?page_id=41"},"modified":"2025-05-14T04:13:32","modified_gmt":"2025-05-14T04:13:32","slug":"resena-historica","status":"publish","type":"page","link":"https:\/\/iesmache.edu.pe\/portal\/index.php\/resena-historica\/","title":{"rendered":"Rese\u00f1a Hist\u00f3rica"},"content":{"rendered":"\n<p><strong>RESE\u00d1A HISTORICA DE&nbsp; LA INSTITUCON EDUCATIVA SUPERIOR TECNOLOGICO PUBLICO \u201cMACHE\u201d<\/strong><\/p>\n\n\n\n<p>El instituto superior tecnol\u00f3gico estatal \u201cMache\u201d fue creado durante el primer gobierno del doctor Alan Garc\u00eda P\u00e9rez y siendo ministra de educaci\u00f3n la doctora Mercedes Cabanillas De La Mata. Mediante Resoluci\u00f3n Ministerial N\u00b0853-90-ED con dos Especialidades&nbsp; Agropecuaria y Contabilidad.<\/p>\n\n\n\n<p>Mediante la gesti\u00f3n del senador de la republica el doctor V\u00edctor Ra\u00fal Lozano Ib\u00e1\u00f1ez, natural de Mache junto con el alcalde de ese entonces el se\u00f1or: V\u00edctor Am\u00e9rico Garc\u00eda Zavaleta y dem\u00e1s autoridades y personas notables del distrito de Mache, provincia de Otuzco regi\u00f3n La Libertad.<\/p>\n\n\n\n<p>Abriendo sus puertas a la juventud estudiosa amantes del progreso y desarrollo de su pueblo del distrito de Mache y lugares aleda\u00f1os como Agallpampa, Julc\u00e1n, Salpo, Carabamba, Otuzco, etc. En junio del mismo a\u00f1o siendo su primer Director el Licenciado Florencio Castro M\u00e9ndez. Dicho centro superior fue creado sin presupuesto asumiendo el pago del personal&nbsp; la Municipalidad del Distrito de Mache durante el a\u00f1o 1990 su servicio fue Ad-Honoren.<\/p>\n\n\n\n<p>En 1991 se hace cargo de la Direcci\u00f3n el Ingeniero Agr\u00f3nomo&nbsp; Jorge Qui\u00f1ones Cruz, por decisi\u00f3n de la UGEL- Otuzco, fue muy notoria la escases de alumnos y se vieron en la obligaci\u00f3n de formar brigadas &nbsp;para la visita de j\u00f3venes casa por casa para tratar de convencerlos que sigan estudiando, encabezado por el se\u00f1or Crist\u00f3bal Otiniano Ventura.<\/p>\n\n\n\n<p>Durante 1992-1994, asumi\u00f3 la Direcci\u00f3n el Ingeniero Agr\u00f3nomo Luis Antonio Ram\u00edrez Torres, quien gestiono la creaci\u00f3n del presupuesto para el pago del personal docente para el ausentismo de alumnos continuaba intensificando las salidas a diferentes lugares en la b\u00fasqueda de participantes, siempre encabezado por el se\u00f1or Crist\u00f3bal Otiniano Ventura y algunos personajes ilustres de la zona.&nbsp; Las autoridades del distrito asignaron un lugar&nbsp; para su funcionamiento, (Jard\u00edn de Ni\u00f1os).<\/p>\n\n\n\n<p>Durante 1995-1996, se hizo cargo de la Direcci\u00f3n el M\u00e9dico Veterinario Lucio Anan\u00edas Tafur Arana, debido a su capacidad de gesti\u00f3n comienza a reflotar dicho centro superior. Adquiriendo durante su gesti\u00f3n un tractor agr\u00edcola marca Benye de 25 HP del Ministerio de la Presidencia de la Rep\u00fablica, a trav\u00e9s del Ministerio de Agricultura de Trujillo.<\/p>\n\n\n\n<p>Durante 1997-2001 asume la Direcci\u00f3n el M\u00e9dico Veterinario Javier S\u00e1nchez Rabanal, estableciendo buena relaci\u00f3n con las Hermanas de la Misericordia del Distrito de Mache adquiriendo durante su gesti\u00f3n 08 computadoras en calidad de pr\u00e9stamo con&nbsp; la Congregaci\u00f3n&nbsp; Religiosa, y posteriormente gestiono 07 computadoras mas tambi\u00e9n en calidad de pr\u00e9stamo, as\u00ed convirti\u00e9ndose dichas carreras computarizadas. Con la adquisici\u00f3n de las 15 computadoras se logr\u00f3 mayor participaci\u00f3n de alumnos de ambas Carreras.<\/p>\n\n\n\n<p>Durante 2002-2004 a pedido del concejo de estudiantes y autoridades del lugar gestionaron ante la UGEL- OTUZCO, asumiendo la Direcci\u00f3n el Economista Jos\u00e9 Luis Ram\u00edrez Camacho, debido a su buen&nbsp; desempe\u00f1o como docente y se design\u00f3 como Jefe de Formaci\u00f3n General al ing. Juan Paredes V\u00e1squez logrando durante su periodo:<\/p>\n\n\n\n<ul class=\"wp-block-list\">\n<li>El desconcentrado de la carrera de Agropecuaria FILIAL Salpo, siendo su coordinador el ing. Marco Antonio L\u00f3pez Calvo.<\/li>\n\n\n\n<li>La adquisici\u00f3n de varios lotes de terreno para la ampliaci\u00f3n de dicha instituci\u00f3n.<\/li>\n\n\n\n<li>Se adquiri\u00f3 04 lotes de terreno\u00a0 agr\u00edcolas de aprox. 1 ha en calidad de donaci\u00f3n de la Dr. Carlota Paredes Baca.<\/li>\n\n\n\n<li>Dado a su buena coordinaci\u00f3n con los docentes se logr\u00f3 el incremento de alumnos de ambas Carreras, pero siempre saliendo en busca de los participantes.<\/li>\n<\/ul>\n\n\n\n<p>Durante 2005-2007 por reclamo de los nombrados de la Carrera de Contabilidad deb\u00eda asumir como Director un nombrado y por evaluaci\u00f3n de documentos Asumi\u00f3 el Ing. Agr\u00f3nomo Dionicio Juan Paredes V\u00e1squez, siendo Jefe de Formaci\u00f3n General el&nbsp; Economista Jos\u00e9 Luis Ram\u00edrez Camacho.&nbsp; Logr\u00e1ndose&nbsp; durante su gesti\u00f3n lo siguiente:<\/p>\n\n\n\n<ul class=\"wp-block-list\">\n<li>La construcci\u00f3n de las 02 primeras aulas de material noble por parte del alcalde Provincial de Otuzco Sr. Pedro Silvestre Ram\u00edrez, asumiendo la responsabilidad la instituci\u00f3n del acarreo de piedras y apertura de zanjas.<\/li>\n\n\n\n<li>La construcci\u00f3n de los apriscos para ganado ovino, con apoyo de las hermanas de la Misericordia del Distrito de Mache.<\/li>\n\n\n\n<li>La poblaci\u00f3n estudiantil mantuvo un crecimiento vegetativo constante llegando a un total de 170 alumnos en las Especialidades de Agropecuaria y Contabilidad, conjuntamente con el aula desconcentrada con funcionamiento en el Distrito de Salpo.<\/li>\n\n\n\n<li>Se dio el servicio de Inseminaci\u00f3n Artificial, para la cual se implement\u00f3 una posta de inseminaci\u00f3n bajo el asesoramiento del M.V Hilder Brice\u00f1o Salinas\u00a0 y el Ing. Jerry Fickel.<\/li>\n\n\n\n<li>Se logr\u00f3 el inicio de la construcci\u00f3n de los SS.HH. por parte del Alcalde Distrital Ing. Luis Rodr\u00edguez Santos.<\/li>\n\n\n\n<li>A trav\u00e9s de la comisi\u00f3n de evaluaci\u00f3n de plazas estrictamente necesarias (CEPEN) se logr\u00f3 un incremento de 8 plazas de 40 horas.<\/li>\n\n\n\n<li>Se obtuvo la viabilidad del proyecto de inversi\u00f3n p\u00fablica denominado \u201cMejoramiento del Instituto Superior Tecnol\u00f3gico P\u00fablico \u201cMache\u201d, del distrito de Mache provincia de Otuzco regi\u00f3n La Libertad que comprende: 08 aulas, patio de formaci\u00f3n, biblioteca, sala de computo, culminado de SS.HH, sala de profesores, secretaria, direcci\u00f3n, almac\u00e9n, y cerco perim\u00e9trico. El perfil fue elaborado por la municipalidad de Otuzco, siendo en ese entonces su alcalde el Sr. Pedro Silvestre Ram\u00edrez.<\/li>\n\n\n\n<li>Ejecuci\u00f3n del proyecto mejoramiento por monta natural de ovinos raza HAMPSHIRE bajo el asesoramiento del M\u00e9dico Veterinario Hilder Brice\u00f1o Salinas y del Ing. Jerry Fickel, por parte de las Hermanas de la Misericordia; Boca Rat\u00f3n EE.UU &#8211; Florida adquiri\u00e9ndose 50 ejemplares para ser distribuidos en los caser\u00edos de Qui\u00f1igon, Ancush, La Primavera, y Mache.<\/li>\n\n\n\n<li>Mediante Resoluci\u00f3n Directoral N\u00b0 0692-2006-ED, de fecha 13 de septiembre se logr\u00f3 revalidar la autorizaci\u00f3n de funcionamiento\u00a0 de dicho centro Superior de las Carreras Profesionales de Agropecuaria y Contabilidad.<\/li>\n\n\n\n<li>La autorizaci\u00f3n de la primera Feria Regional Agropecuaria Artesanal SAN BERNARDO a realizarse los d\u00edas 4-5 de agosto del 2007 en el distrito de Mache, provincia de Otuzco regi\u00f3n la libertad fue mediante R.D N\u00b0 294-2007-DRA-LL, de fecha 31 de julio del 2007, siendo sus gestores el Ing. Juan Paredes V\u00e1squez, Ing. Jerry Fickel, M\u00e9dico Veterinario Hilder Brice\u00f1o Salinas, Ing. Marco \u00a0Antonio L\u00f3pez Calvo, Prof. Elvis L\u00f3pez Calvo.<\/li>\n<\/ul>\n\n\n\n<p>El a\u00f1o 2008 asume como Director el C.P.C. Segundo Ricardo Guti\u00e9rrez de la Cruz mediante Resoluci\u00f3n Directoral Regional N\u00b0 10045-2008-D.R.E La Libertad de fecha 15 de octubre del 2008.<\/p>\n\n\n\n<p>En el a\u00f1o 2009 asume la Direcci\u00f3n el Ing. Dionicio Juan Paredes V\u00e1squez. En este a\u00f1o se logr\u00f3 la construcci\u00f3n total del instituto comenzando en abril y culminando en diciembre.<\/p>\n\n\n\n<ul class=\"wp-block-list\">\n<li>Se elabor\u00f3 el proyecto de implementaci\u00f3n del laboratorio de computo, dicho proyecto estuvo a cargo del Prof. Orlando Elvis L\u00f3pez Calvo, cuyo\u00a0 resultado fue la adquisici\u00f3n de 20 computadoras (CORE-i5) de \u00faltima generaci\u00f3n por parte de la congregaci\u00f3n religiosa (Boca Rat\u00f3n EE.UU &#8211; Florida) presidida por el Ing. Jerry Fickel, en convenio con la ONG \u201cPaz y Vida\u201d de Mache.<\/li>\n<\/ul>\n\n\n\n<p>En el a\u00f1o 2010, asume la Direcci\u00f3n General, el C.P.C. Segundo Ricardo Guti\u00e9rrez de la Cruz, realiz\u00e1ndose el cerco per\u00edmetro del vivero y se realiz\u00f3 el proyecto de Sistema de Riego por Goteo.<\/p>\n\n\n\n<p>En el a\u00f1o 2011 &#8211; 2020, por reasignaci\u00f3n asume la Direcci\u00f3n General, la Lic. Hilda Martha Ch\u00e1vez \u00c1lvarez.<\/p>\n\n\n\n<p>En el a\u00f1o 2021 asume la Direcci\u00f3n General el Dr. Carlos Atilio Figueroa Neira.<\/p>\n\n\n\n<p>En el a\u00f1o 2023 asume la Direcci\u00f3n General el Ing, Dionicio Juan Paredes Vasquez.<\/p>\n","protected":false},"excerpt":{"rendered":"<p>RESE\u00d1A HISTORICA DE&nbsp; LA INSTITUCON EDUCATIVA SUPERIOR TECNOLOGICO PUBLICO \u201cMACHE\u201d El instituto superior tecnol\u00f3gico estatal \u201cMache\u201d fue creado durante el primer gobierno del doctor Alan Garc\u00eda P\u00e9rez y siendo ministra de educaci\u00f3n la doctora Mercedes Cabanillas De La Mata. Mediante Resoluci\u00f3n Ministerial N\u00b0853-90-ED con dos Especialidades&nbsp; Agropecuaria y Contabilidad. Mediante la gesti\u00f3n del senador de [&hellip;]<\/p>\n","protected":false},"author":1,"featured_media":0,"parent":0,"menu_order":0,"comment_status":"closed","ping_status":"open","template":"","meta":{"saved_in_kubio":false,"footnotes":""},"class_list":["post-41","page","type-page","status-publish","hentry"],"kubio_ai_page_context":{"short_desc":"","purpose":"general"},"yoast_head":"<!-- This site is optimized with the Yoast SEO plugin v23.9 - https:\/\/yoast.com\/wordpress\/plugins\/seo\/ -->\n<title>Rese\u00f1a Hist\u00f3rica - I.E.S.T.P. &quot;MACHE&quot;<\/title>\n<meta name=\"robots\" content=\"index, follow, max-snippet:-1, max-image-preview:large, max-video-preview:-1\" \/>\n<link rel=\"canonical\" href=\"https:\/\/iesmache.edu.pe\/portal\/index.php\/resena-historica\/\" \/>\n<meta property=\"og:locale\" content=\"es_ES\" \/>\n<meta property=\"og:type\" content=\"article\" \/>\n<meta property=\"og:title\" content=\"Rese\u00f1a Hist\u00f3rica - I.E.S.T.P. &quot;MACHE&quot;\" \/>\n<meta property=\"og:description\" content=\"RESE\u00d1A HISTORICA DE&nbsp; LA INSTITUCON EDUCATIVA SUPERIOR TECNOLOGICO PUBLICO \u201cMACHE\u201d El instituto superior tecnol\u00f3gico estatal \u201cMache\u201d fue creado durante el primer gobierno del doctor Alan Garc\u00eda P\u00e9rez y siendo ministra de educaci\u00f3n la doctora Mercedes Cabanillas De La Mata. Mediante Resoluci\u00f3n Ministerial N\u00b0853-90-ED con dos Especialidades&nbsp; Agropecuaria y Contabilidad. Mediante la gesti\u00f3n del senador de [&hellip;]\" \/>\n<meta property=\"og:url\" content=\"https:\/\/iesmache.edu.pe\/portal\/index.php\/resena-historica\/\" \/>\n<meta property=\"og:site_name\" content=\"I.E.S.T.P. &quot;MACHE&quot;\" \/>\n<meta property=\"article:modified_time\" content=\"2025-05-14T04:13:32+00:00\" \/>\n<meta name=\"twitter:card\" content=\"summary_large_image\" \/>\n<meta name=\"twitter:label1\" content=\"Est. reading time\" \/>\n\t<meta name=\"twitter:data1\" content=\"6 minutos\" \/>\n<script type=\"application\/ld+json\" class=\"yoast-schema-graph\">{\"@context\":\"https:\/\/schema.org\",\"@graph\":[{\"@type\":\"WebPage\",\"@id\":\"https:\/\/iesmache.edu.pe\/portal\/index.php\/resena-historica\/\",\"url\":\"https:\/\/iesmache.edu.pe\/portal\/index.php\/resena-historica\/\",\"name\":\"Rese\u00f1a Hist\u00f3rica - I.E.S.T.P. &quot;MACHE&quot;\",\"isPartOf\":{\"@id\":\"https:\/\/iesmache.edu.pe\/portal\/#website\"},\"datePublished\":\"2024-12-04T01:09:45+00:00\",\"dateModified\":\"2025-05-14T04:13:32+00:00\",\"breadcrumb\":{\"@id\":\"https:\/\/iesmache.edu.pe\/portal\/index.php\/resena-historica\/#breadcrumb\"},\"inLanguage\":\"es-PE\",\"potentialAction\":[{\"@type\":\"ReadAction\",\"target\":[\"https:\/\/iesmache.edu.pe\/portal\/index.php\/resena-historica\/\"]}]},{\"@type\":\"BreadcrumbList\",\"@id\":\"https:\/\/iesmache.edu.pe\/portal\/index.php\/resena-historica\/#breadcrumb\",\"itemListElement\":[{\"@type\":\"ListItem\",\"position\":1,\"name\":\"Portada\",\"item\":\"https:\/\/iesmache.edu.pe\/portal\/\"},{\"@type\":\"ListItem\",\"position\":2,\"name\":\"Rese\u00f1a Hist\u00f3rica\"}]},{\"@type\":\"WebSite\",\"@id\":\"https:\/\/iesmache.edu.pe\/portal\/#website\",\"url\":\"https:\/\/iesmache.edu.pe\/portal\/\",\"name\":\"I.E.S.T.P. &quot;MACHE&quot;\",\"description\":\"\",\"publisher\":{\"@id\":\"https:\/\/iesmache.edu.pe\/portal\/#organization\"},\"potentialAction\":[{\"@type\":\"SearchAction\",\"target\":{\"@type\":\"EntryPoint\",\"urlTemplate\":\"https:\/\/iesmache.edu.pe\/portal\/?s={search_term_string}\"},\"query-input\":{\"@type\":\"PropertyValueSpecification\",\"valueRequired\":true,\"valueName\":\"search_term_string\"}}],\"inLanguage\":\"es-PE\"},{\"@type\":\"Organization\",\"@id\":\"https:\/\/iesmache.edu.pe\/portal\/#organization\",\"name\":\"I.E.S.T.P. &quot;MACHE&quot;\",\"url\":\"https:\/\/iesmache.edu.pe\/portal\/\",\"logo\":{\"@type\":\"ImageObject\",\"inLanguage\":\"es-PE\",\"@id\":\"https:\/\/iesmache.edu.pe\/portal\/#\/schema\/logo\/image\/\",\"url\":\"https:\/\/iesmache.edu.pe\/portal\/wp-content\/uploads\/2024\/12\/logomache.jpeg\",\"contentUrl\":\"https:\/\/iesmache.edu.pe\/portal\/wp-content\/uploads\/2024\/12\/logomache.jpeg\",\"width\":150,\"height\":150,\"caption\":\"I.E.S.T.P. &quot;MACHE&quot;\"},\"image\":{\"@id\":\"https:\/\/iesmache.edu.pe\/portal\/#\/schema\/logo\/image\/\"}}]}<\/script>\n<!-- \/ Yoast SEO plugin. -->","yoast_head_json":{"title":"Rese\u00f1a Hist\u00f3rica - I.E.S.T.P. &quot;MACHE&quot;","robots":{"index":"index","follow":"follow","max-snippet":"max-snippet:-1","max-image-preview":"max-image-preview:large","max-video-preview":"max-video-preview:-1"},"canonical":"https:\/\/iesmache.edu.pe\/portal\/index.php\/resena-historica\/","og_locale":"es_ES","og_type":"article","og_title":"Rese\u00f1a Hist\u00f3rica - I.E.S.T.P. &quot;MACHE&quot;","og_description":"RESE\u00d1A HISTORICA DE&nbsp; LA INSTITUCON EDUCATIVA SUPERIOR TECNOLOGICO PUBLICO \u201cMACHE\u201d El instituto superior tecnol\u00f3gico estatal \u201cMache\u201d fue creado durante el primer gobierno del doctor Alan Garc\u00eda P\u00e9rez y siendo ministra de educaci\u00f3n la doctora Mercedes Cabanillas De La Mata. Mediante Resoluci\u00f3n Ministerial N\u00b0853-90-ED con dos Especialidades&nbsp; Agropecuaria y Contabilidad. Mediante la gesti\u00f3n del senador de [&hellip;]","og_url":"https:\/\/iesmache.edu.pe\/portal\/index.php\/resena-historica\/","og_site_name":"I.E.S.T.P. &quot;MACHE&quot;","article_modified_time":"2025-05-14T04:13:32+00:00","twitter_card":"summary_large_image","twitter_misc":{"Est. reading time":"6 minutos"},"schema":{"@context":"https:\/\/schema.org","@graph":[{"@type":"WebPage","@id":"https:\/\/iesmache.edu.pe\/portal\/index.php\/resena-historica\/","url":"https:\/\/iesmache.edu.pe\/portal\/index.php\/resena-historica\/","name":"Rese\u00f1a Hist\u00f3rica - I.E.S.T.P. &quot;MACHE&quot;","isPartOf":{"@id":"https:\/\/iesmache.edu.pe\/portal\/#website"},"datePublished":"2024-12-04T01:09:45+00:00","dateModified":"2025-05-14T04:13:32+00:00","breadcrumb":{"@id":"https:\/\/iesmache.edu.pe\/portal\/index.php\/resena-historica\/#breadcrumb"},"inLanguage":"es-PE","potentialAction":[{"@type":"ReadAction","target":["https:\/\/iesmache.edu.pe\/portal\/index.php\/resena-historica\/"]}]},{"@type":"BreadcrumbList","@id":"https:\/\/iesmache.edu.pe\/portal\/index.php\/resena-historica\/#breadcrumb","itemListElement":[{"@type":"ListItem","position":1,"name":"Portada","item":"https:\/\/iesmache.edu.pe\/portal\/"},{"@type":"ListItem","position":2,"name":"Rese\u00f1a Hist\u00f3rica"}]},{"@type":"WebSite","@id":"https:\/\/iesmache.edu.pe\/portal\/#website","url":"https:\/\/iesmache.edu.pe\/portal\/","name":"I.E.S.T.P. &quot;MACHE&quot;","description":"","publisher":{"@id":"https:\/\/iesmache.edu.pe\/portal\/#organization"},"potentialAction":[{"@type":"SearchAction","target":{"@type":"EntryPoint","urlTemplate":"https:\/\/iesmache.edu.pe\/portal\/?s={search_term_string}"},"query-input":{"@type":"PropertyValueSpecification","valueRequired":true,"valueName":"search_term_string"}}],"inLanguage":"es-PE"},{"@type":"Organization","@id":"https:\/\/iesmache.edu.pe\/portal\/#organization","name":"I.E.S.T.P. &quot;MACHE&quot;","url":"https:\/\/iesmache.edu.pe\/portal\/","logo":{"@type":"ImageObject","inLanguage":"es-PE","@id":"https:\/\/iesmache.edu.pe\/portal\/#\/schema\/logo\/image\/","url":"https:\/\/iesmache.edu.pe\/portal\/wp-content\/uploads\/2024\/12\/logomache.jpeg","contentUrl":"https:\/\/iesmache.edu.pe\/portal\/wp-content\/uploads\/2024\/12\/logomache.jpeg","width":150,"height":150,"caption":"I.E.S.T.P. &quot;MACHE&quot;"},"image":{"@id":"https:\/\/iesmache.edu.pe\/portal\/#\/schema\/logo\/image\/"}}]}},"_links":{"self":[{"href":"https:\/\/iesmache.edu.pe\/portal\/index.php\/wp-json\/wp\/v2\/pages\/41","targetHints":{"allow":["GET"]}}],"collection":[{"href":"https:\/\/iesmache.edu.pe\/portal\/index.php\/wp-json\/wp\/v2\/pages"}],"about":[{"href":"https:\/\/iesmache.edu.pe\/portal\/index.php\/wp-json\/wp\/v2\/types\/page"}],"author":[{"embeddable":true,"href":"https:\/\/iesmache.edu.pe\/portal\/index.php\/wp-json\/wp\/v2\/users\/1"}],"replies":[{"embeddable":true,"href":"https:\/\/iesmache.edu.pe\/portal\/index.php\/wp-json\/wp\/v2\/comments?post=41"}],"version-history":[{"count":1,"href":"https:\/\/iesmache.edu.pe\/portal\/index.php\/wp-json\/wp\/v2\/pages\/41\/revisions"}],"predecessor-version":[{"id":224,"href":"https:\/\/iesmache.edu.pe\/portal\/index.php\/wp-json\/wp\/v2\/pages\/41\/revisions\/224"}],"wp:attachment":[{"href":"https:\/\/iesmache.edu.pe\/portal\/index.php\/wp-json\/wp\/v2\/media?parent=41"}],"curies":[{"name":"wp","href":"https:\/\/api.w.org\/{rel}","templated":true}]}}